rime factors of p?
2, 3, 139
Let k(j) = -3*j**3 - 28*j**2 + 17*j + 39. What are the prime factors of k(-15)?
3, 401
Let p(l) = -157*l. Let t(y) = 4*y - 110. Let z be t(27). List the prime factors of p(z).
2, 157
Suppose 21880 = 8*j + 33184 - 106472. What are the prime factors of j?
2, 1487
Let p be (-33)/(-15) + (-1)/5. Let g be 7/(-28)*p*-2. Suppose -g = m - 61. What are the prime factors of m?
2, 3, 5
Let a(m) = 6*m - 10. Let n be a(3). Let z be (1/(-2))/((-2)/n). Suppose -5*u - z*o + 11 = 0, -u - 6*o = -3*o + 3. What are the prime factors of u?
3
Let d = 46344 - -13281. List the prime factors of d.
3, 5, 53
Suppose -18*p + 15100 = -16*p. Let k be ((-33)/2)/((-5)/p). What are the prime factors of k/132 + (-1)/(8/(-2))?
3, 7
Suppose 0*g = -3*g - 2*a + 4940, 2*g - 3290 = -3*a. Suppose 14*d = g + 3938. What are the prime factors of d?
3, 7, 19
Suppose 7254 = y - 3*d, -4 = -293*d + 294*d. What are the prime factors of y?
2, 3, 17, 71
Suppose b = -0*b + 3. Suppose 5*n = n - p + 8, 4 = 2*n + 2*p. Suppose 3*g - b*v - 3 = 0, 3*g - g + n*v = 18. What are the prime factors of g?
5
Let x(z) = -z**2 - 4*z + 29. Let v be x(-7). Let r be 161 + (-2 + v)/2. Let c = -98 + r. List the prime factors of c.
2, 3, 11
Suppose 47*n = 888 + 616. Suppose 0 = -21*z + n*z - 6743. What are the prime factors of z?
613
Let q(f) = f**3 + 25*f**2 + 23*f - 22. Let j be q(-24). Suppose -24 = -j*z - 20. Suppose 3*d = -2*p + 43 + 237, z*d - 138 = -p. What are the prime factors of p?
2, 73
Let g be 6 - (2 + (2 - 3)). Let j = -55 - -60. Suppose -n - j*x = -113, -3*x + 6*x + 565 = g*n. List the prime factors of n.
113
Suppose -422283 = -86*s + 82537. What are the prime factors of s?
2, 5, 587
Suppose 1 - 3 = -y. List the prime factors of -3 + 3 + (y - -111) + 4.
3, 13
What are the prime factors of 11765 - 12/2 - (-10)/(-5)*-2?
3, 1307
Suppose 6*q - 53 = -11. Suppose q*h + 40 = -2. Let r(m) = 2*m**2 - m - 9. What are the prime factors of r(h)?
3, 23
Suppose -31*r + 34*r + 5*t - 132200 = 0, 44063 = r - 2*t. What are the prime factors of r?
5, 7, 1259
Let z be (-87)/(105/(-12) - -8). Let y = z - -445. List the prime factors of y.
3, 11, 17
Let j = 387 - 868. Let v = 689 + j. List the prime factors of v.
2, 13
Let y = -17103 + 21025. List the prime factors of y.
2, 37, 53
Let q = 6 - 10. Let z(g) be the third derivative of 7*g**5/60 - g**4/4 - g**3/3 + 42*g**2. List the prime factors of z(q).
2, 67
Suppose 3*o + 31 - 847 = 0. Let d = o - 162. List the prime factors of d.
2, 5, 11
Suppose -4*k + 0*k = -24. Let w be (44 - k) + 9/3. Let i = -23 + w. What are the prime factors of i?
2, 3
Suppose 2*p = -4*y - 2*p + 156, 0 = -2*y + 3*p + 53. Suppose n = 52 - y. What are the prime factors of (-6)/(-27) - (-2 - 32/n)?
2
Let p(s) = 23*s**2 - s - 3. Let f be (0 - 2)/((-2)/3). Suppose -5*b - 21 = l + l, 26 = f*l - 4*b. What are the prime factors of p(l)?
3, 29
Let g = 1178 + 265. What are the prime factors of g?
3, 13, 37
Let d be 98/10 - 4/(-20). Suppose -10712 = -23*s + d*s. List the prime factors of s.
2, 103
List the prime factors of -2 + 43082 + (41 - 37)/(12/9).
3, 4787
Let q = 1199 - 566. Let l = q + -297. Suppose -14*x + 10*x + l = 0. List the prime factors of x.
2, 3, 7
Suppose -10 = -5*z + u, 5 + 3 = 4*z + 4*u. Suppose 5*q = o - 65, z*o + 3*o - 325 = -5*q. Let b = o - -161. What are the prime factors of b?
2, 113
Let w be (4/5)/(4/10). Let s(z) = -3*z - 6. Let a be s(-3). What are the prime factors of (-6)/w + a + 11?
11
Let o = 6042 - -1376. List the prime factors of o.
2, 3709
Let q(x) be the first derivative of -x**4/4 - 2*x**3 + 10*x**2 + 1. Let j = -10468 + 10459. List the prime factors of q(j).
3, 7
Let y = 47 + -51. Let a be y/(-8) + (3 - 6/4). Suppose -r + 3*r + a*v = 380, -4*r + v = -770. List the prime factors of r.
2, 3
Suppose 4*w + 3*q = 6 + 8, 2*q = 3*w - 19. Suppose 8*u - 673 = -2*s + w*u, -4*s - 2*u = -1326. What are the prime factors of s?
7, 47
Suppose m - 2*a = 2826, -4*m + 5656 = -2*m - 3*a. Suppose 3*j - m = -71. What are the prime factors of j?
3, 307
List the prime factors of (-16)/(-14) - 5/105*-608367.
3, 29, 37
What are the prime factors of 315/210*-45*(-3 - -1)?
3, 5
Let j(d) = -d**3 - 7*d**2 - 8*d - 5. Suppose 7*n + 12 = 75. Suppose -18*v - n = -17*v. What are the prime factors of j(v)?
229
What are the prime factors of (1069*2)/(2/(-6) - 79/(-158))?
2, 3, 1069
Let v(o) = -2*o - 39. Let m be v(-25). Suppose m*i = -6*i + 8891. What are the prime factors of i?
523
Let z(k) = 27 + 25 + k - 4*k + 107. What are the prime factors of z(12)?
3, 41
Suppose -6*v - 181 = -163. List the prime factors of (-2 - 124/v)/(18/351).
13, 59
Let g = -264 - -388. Suppose -3*s - 2*s = -2*x + 17, 4*x - 20 = -4*s. Suppose -1100 = -x*r + g. What are the prime factors of r?
2, 3, 17
Let d(c) = c**3 - 4*c**2 - 6*c + 5. Let b be d(5). Suppose b = 11*u - 10*u + 56. Let g = u - -94. What are the prime factors of g?
2, 19
Let c(a) = -2*a**3 - 17*a**2 + 51*a + 17. What are the prime factors of c(-12)?
7, 59
Let q(u) = 13*u**2 - 34*u + 1. Let m be q(3). List the prime factors of m/(-28) + (-35406)/(-49).
2, 19
Suppose -5*v - 36 = 24. Let q = -7 - v. Suppose 3*s + 80 = q*s. What are the prime factors of s?
2, 5
Suppose -29342 = -27*h - 4016. List the prime factors of h.
2, 7, 67
Let y = -20 + 5. List the prime factors of (-16760)/(-24)*(-18)/y.
2, 419
Let v(n) = -54*n**3 - 44*n**2 + 9*n + 29. List the prime factors of v(-9).
2, 5, 11, 13
Let a = 96 + -94. Let t(i) = 4*i - 10*i + i**3 + 0*i - 7 - 2*i**2 + 5*i**a. List the prime factors of t(4).
3
Let f(j) = 6*j**3 + 3*j**2 + 15*j - 3. Let m be f(-3). Let t = 504 - m. What are the prime factors of t?
3, 229
Let q be (-15846)/42 - 4/(-14). Let i be (-24)/(-10)*(-6250)/75. Let g = i - q. What are the prime factors of g?
3, 59
Let u(q) = -24*q**3 - 93*q**2 + 14*q + 15. What are the prime factors of u(-12)?
3, 29, 107
Let t(l) = l**3 + 4*l**2 + 3*l + 2. Let f be t(-3). Suppose 573 = -f*x + 5*x. Let m = x - 101. List the prime factors of m.
2, 3, 5
Suppose 13*y = 19*y - 48916 - 6104. List the prime factors of y.
2, 5, 7, 131
Let n(v) = v**3 + 8*v**2 - 3*v - 8. Let z be n(-7). Let a be 0 - (1 - 0) - (-15 - -23). Let t = a + z. List the prime factors of t.
53
Let f(o) = o**3 + 21*o**2 + 18*o + 15. Suppose -25 = 3*v - 13. Let a be -5*(v - -3 - -5). List the prime factors of f(a).
5, 11
Let q = -13340 + 21025. List the prime factors of q.
5, 29, 53
Let g(w) = w**2 + 2*w + 2. Let i be g(0). Let v be (i + (3 - 2))/(1 - 0). Suppose 5*s + 3*r = 547, s - v*r = 2*s - 119. List the prime factors of s.
107
Suppose 0*a - 7*a + 84 = 0. Suppose u - a + 8 = 0. Suppose 4*p + 5*w = -0*p + 419, 202 = 2*p + u*w. What are the prime factors of p?
3, 37
Let g(a) = 4*a**2 - 8*a - 23. Let b be g(-3). Suppose 30*o - b = 26*o + m, -o + 1 = -3*m. List the prime factors of o.
2, 5
Let l be (-2)/5 - (4191/(-15) - -3). Suppose 5*v - a = 77 + 569, -4*a + l = 2*v. List the prime factors of v.
2, 5, 13
List the prime factors of 5941 + (4 + 0 - 12).
17, 349
Let o(u) = -u**3 - 5*u**2 - 3*u - 3. Let t be o(-5). What are the prime factors of (-2 - 293)/((5 + -11)/t)?
2, 5, 59
Let m(s) = 3*s**2 - 44*s - 2294. List the prime factors of m(-60).
2, 5573
List the prime factors of (-9)/21 + (-401460)/(-105).
3823
Let a = 868 - 844. Let r(c) = c**2 - 9*c + 6. Let z be r(7). Let v = a - z. What are the prime factors of v?
2
Suppose -7*r - 9 = -2*k - 6*r, -6 = k + 3*r. Suppose -2*x + 1379 = k*m, x - 4*m + 1378 = 3*x. What are the prime factors of x?
691
Let x(y) = 20*y**2 + 6*y + 2. Let w(k) = -2*k**2 + 21*k - 10. Let h be w(10). Let q be (h - -2 - 7) + 3. List the prime factors of x(q).
2, 5, 7
Let d(x) = 257*x - 9. Let w be d(2). Let g = -180 + w. What are the prime factors of g?
5, 13
Suppose -l - 245 = 5*c, 12*l - 8*l + 1044 = -4*c. Let s = l - -272. List the prime factors of s.
7
Let d = -374 - -69. Let w = d - -479. List the prime factors of w.
2, 3, 29
Suppose 0*t = -t - 17. Let o(z) = -z**2 - 18*z - 1. Let h be o(t). Suppose -21*p = -h*p - 505. What are the prime factors of p?
101
Suppose -2*k + 2186 = 4*a, 4*k + 1097 = 5*k - 2*a. Let z = k - 554. What are the prime factors of z?
541
Let f(a) = 2*a**3 - 17*a**2 + 8*a + 5. Let v be f(8). Suppose -v*j + j = 16. What are the prime fact